{"id":2053,"date":"2023-03-17T07:16:27","date_gmt":"2023-03-17T06:16:27","guid":{"rendered":"https:\/\/www.kongres-kami.sk\/halakovedni\/?page_id=2053"},"modified":"2023-07-17T14:17:00","modified_gmt":"2023-07-17T12:17:00","slug":"information","status":"publish","type":"page","link":"https:\/\/www.kongres-kami.sk\/halakovedni\/congress\/information\/","title":{"rendered":"Information"},"content":{"rendered":"<!--themify_builder_content-->\n<div id=\"themify_builder_content-2053\" data-postid=\"2053\" class=\"themify_builder_content themify_builder_content-2053 themify_builder tf_clear\">\n                    <div data-lazy=\"1\" class=\"module_row themify_builder_row tb_udho500 tb_first tf_w\">\n                        <div class=\"row_inner col_align_top tb_col_count_1 tf_box tf_rel\">\n                        <div data-lazy=\"1\" class=\"module_column tb-column col4-2 tb_kvju611 first\">\n                    <!-- module template_part -->\n<div class=\"module module-layout-part tb_enw5155 \">\n    <div class=\"tb_layout_part_wrap tf_w\"><!--themify_builder_content-->\n    <div class=\"themify_builder_content themify_builder_content-1594 themify_builder not_editable_builder in_the_loop\" data-postid=\"1594\">\n                        <div data-lazy=\"1\" class=\"module_row themify_builder_row tb_nmxa613 tf_w\">\n                        <div class=\"row_inner col_align_top tb_col_count_1 tf_box tf_rel\">\n                        <div data-lazy=\"1\" class=\"module_column tb-column col-full tb_otfl111 first\">\n                    <!-- module fancy heading -->\n<div class=\"module module-fancy-heading tb_yyn6177 \" data-lazy=\"1\">\n        <h1 class=\"fancy-heading tf_textc\">\n    <span class=\"main-head tf_block\">\n                    XXIV. \u010cesk\u00fd a&nbsp;XIX. \u010cesko-Slovensk\u00fd<br>kongres sp\u00e1nkovej medic\u00edny<br>a XII. Ha\u013e\u00e1kove dni&nbsp;<\/span>\n\n    \n    <span class=\"sub-head tf_block tf_rel\">\n                    5. \u2013 7. okt\u00f3ber 2023 \u2022 hotel Holiday Inn \u017dilina&nbsp;<\/span>\n    <\/h1>\n<\/div>\n<!-- \/module fancy heading -->\n        <\/div>\n                        <\/div>\n        <\/div>\n            <\/div>\n<!--\/themify_builder_content--><\/div>\n<\/div>\n<!-- \/module template_part --><!-- module template_part -->\n<div class=\"module module-layout-part tb_nqht101 \">\n    <div class=\"tb_layout_part_wrap tf_w\"><!--themify_builder_content-->\n    <div class=\"themify_builder_content themify_builder_content-1789 themify_builder not_editable_builder in_the_loop\" data-postid=\"1789\">\n                        <div data-lazy=\"1\" class=\"module_row themify_builder_row tb_9buj422 tf_w\">\n                        <div class=\"row_inner col_align_top tb_col_count_1 tf_box tf_rel\">\n                        <div data-lazy=\"1\" class=\"module_column tb-column col-full tb_62qa422 first\">\n                    <!-- module menu -->\n<div class=\"module module-menu tb_ex2v422  mobile-menu-slide\" data-menu-style=\"mobile-menu-slide\" data-menu-breakpoint=\"800\" data-menu-direction=\"right\" data-element-id=\"tb_ex2v422\" data-lazy=\"1\">\n            <style>\n            @media(max-width:800px){\n                .tb_ex2v422 .menu-module-burger{\n                    display:inline-block\n                }\n                .tb_ex2v422 .module-menu-container{\n                    display:none\n                }\n                .tb_ex2v422 .module-menu-container.is-open{\n                    display:block\n                }\n            }\n        <\/style>\n        <a rel=\"nofollow\" href=\"#\" class=\"tf_hide menu-module-burger\">\n            <span class=\"menu-module-burger-inner tf_inline_b tf_rel\"><\/span>\n            <span class=\"screen-reader-text\">Menu<\/span>\n        <\/a>\n        \n    <div class=\"module-menu-container\"><ul id=\"menu-kongres-spankovej-mediciny\" class=\"ui tf_clearfix nav tf_rel tf_scrollbar fullwidth blue gradient\"><li id=\"menu-item-1534\" class=\"menu-item-page-1509 menu-item menu-item-type-post_type menu-item-object-page menu-item-1534\"><a href=\"https:\/\/www.kongres-kami.sk\/halakovedni\/kongres\/\">\u00davod<\/a><\/li>\n<li id=\"menu-item-1842\" class=\"menu-item-page-1829 menu-item menu-item-type-post_type menu-item-object-page menu-item-1842\"><a href=\"https:\/\/www.kongres-kami.sk\/halakovedni\/kongres\/informacie\/\">Inform\u00e1cie<\/a><\/li>\n<li id=\"menu-item-1821\" class=\"menu-item-page-1813 menu-item menu-item-type-post_type menu-item-object-page menu-item-1821\"><a href=\"https:\/\/www.kongres-kami.sk\/halakovedni\/kongres\/registracia\/\">Regis\u00adtr\u00e1\u00adcia<\/a><\/li>\n<li id=\"menu-item-1852\" class=\"menu-item-page-1846 menu-item menu-item-type-post_type menu-item-object-page menu-item-1852\"><a href=\"https:\/\/www.kongres-kami.sk\/halakovedni\/kongres\/program\/\">Pro\u00adgram<\/a><\/li>\n<li id=\"menu-item-1865\" class=\"menu-item-page-1860 menu-item menu-item-type-post_type menu-item-object-page menu-item-1865\"><a href=\"https:\/\/www.kongres-kami.sk\/halakovedni\/kongres\/ubytovanie\/\">Ubytovanie<\/a><\/li>\n<li id=\"menu-item-1778\" class=\"menu-item-page-1754 menu-item menu-item-type-post_type menu-item-object-page menu-item-has-children menu-item-1778\"><a href=\"https:\/\/www.kongres-kami.sk\/halakovedni\/kongres\/partneri\/\">Part\u00adneri<span class=\"child-arrow closed\" tabindex=\"-1\"><\/span><\/a>\n<ul class=\"sub-menu\">\n\t<li id=\"menu-item-2030\" class=\"menu-item-custom-2030 menu-item menu-item-type-custom menu-item-object-custom menu-item-2030 menu-custom-2030-parent-1778\"><a href=\"https:\/\/www.kongres-kami.sk\/halakovedni\/kongres-spankovej-mediciny\/partneri\/#partnerstvo\">Pod\u00admi\u00aden\u00adky partnerstva<\/a><\/li>\n<\/ul>\n<\/li>\n<li id=\"menu-item-1783\" class=\"menu-item-custom-1783 menu-item menu-item-type-custom menu-item-object-custom menu-item-1783\"><a href=\"#pll_switcher\">Lan\u00adguages<\/a><\/li>\n<\/ul><\/div>        <style>\n            .mobile-menu-module[data-module=\"tb_ex2v422\"]{\n                right:-300px            }\n        <\/style>\n    <\/div>\n<!-- \/module menu -->\n        <\/div>\n                        <\/div>\n        <\/div>\n            <\/div>\n<!--\/themify_builder_content--><\/div>\n<\/div>\n<!-- \/module template_part -->        <\/div>\n                        <\/div>\n        <\/div>\n                        <div data-lazy=\"1\" class=\"module_row themify_builder_row tb_ku7t770 tf_w\">\n                        <div class=\"row_inner col_align_top tb_col_count_1 tf_box tf_rel\">\n                        <div data-lazy=\"1\" class=\"module_column tb-column col4-2 tb_4mab180 first\">\n                            <div data-lazy=\"1\" class=\"module_subrow themify_builder_sub_row tf_w col_align_top tb_col_count_1 tb_2fsv380\">\n                <div data-lazy=\"1\" class=\"module_column sub_column col-full tb_z80p500 first\">\n                    <!-- module text -->\n<div class=\"module module-text tb_05ap109  repeat \" data-lazy=\"1\">\n        <div class=\"tb_text_wrap\">\n        <h3>Venue<\/h3>\n<h3><img loading=\"lazy\" decoding=\"async\" class=\"size-medium wp-image-1867 alignright\" src=\"https:\/\/www.kongres-kami.sk\/halakovedni\/wp-content\/uploads\/2023\/03\/zilina-holidayinn-hotel-300x173.jpg\" alt width=\"300\" height=\"173\" srcset=\"https:\/\/www.kongres-kami.sk\/halakovedni\/wp-content\/uploads\/2023\/03\/zilina-holidayinn-hotel-300x173.jpg 300w, https:\/\/www.kongres-kami.sk\/halakovedni\/wp-content\/uploads\/2023\/03\/zilina-holidayinn-hotel-1024x589.jpg 1024w, https:\/\/www.kongres-kami.sk\/halakovedni\/wp-content\/uploads\/2023\/03\/zilina-holidayinn-hotel-768x442.jpg 768w, https:\/\/www.kongres-kami.sk\/halakovedni\/wp-content\/uploads\/2023\/03\/zilina-holidayinn-hotel-1536x883.jpg 1536w, https:\/\/www.kongres-kami.sk\/halakovedni\/wp-content\/uploads\/2023\/03\/zilina-holidayinn-hotel.jpg 2000w\" sizes=\"auto, (max-width: 300px) 100vw, 300px\"><\/h3>\n<p style=\"font-weight: 400;\"><a href=\"https:\/\/www.holidayinn-zilina.sk\/\" target=\"_blank\" rel=\"noopener\">Hotel HOLIDAY INN<\/a>, \u017dilina<br>\u0160portov\u00e1 2, \u017dilina, Slovensko<\/p>\n<h3>Congress language<\/h3>\n<p>slov\u00adak, eng\u00adlish,&nbsp;czech<\/p>\n<h3>Important dates&nbsp;<\/h3>\n<p>Regis\u00adtra\u00adtion dead\u00adline for act\u00adive par\u00adti\u00adcip\u00ada\u00adtion <strong>&nbsp;<span style=\"color: #ffcc00;\">to 24<sup class=\"ordinal\">th<\/sup> August 2023<\/span><\/strong><span class=\"Apple-converted-space\"><br><\/span>Dead\u00adline for send\u00ading abstracts &nbsp; &nbsp; &nbsp; &nbsp; &nbsp; &nbsp; &nbsp; &nbsp; &nbsp; &nbsp; &nbsp;&nbsp;<span style=\"color: #ffcc00;\"><strong>&nbsp; &nbsp; to 24<sup class=\"ordinal\">th<\/sup> August 2023<\/strong><\/span><\/p>\n<h3>&nbsp;<\/h3>\n<h3>Non-monetary payments<\/h3>\n<p style=\"text-align: justify;\">Organ\u00adizer will not offer non-mon\u00adet\u00adary pay\u00adment for par\u00adti\u00adcip\u00ada\u00adtions of con\u00adfer\u00adence ( accom\u00admod\u00ada\u00adtion, trans\u00adport). If the par\u00adti\u00adcipant pays the regis\u00adtra\u00adtion fee him\u00adself, she\/\u200bhe is not obliged to with\u00adhold tax for non-mon\u00adet\u00adary pay\u00adment in accord\u00adance with the Income Tax Act no. 595\u20442003 Z. z. as amended.<\/p>\n<h3>ARS CME Assessment<\/h3>\n<p style=\"text-align: justify;\">The con\u00adgress is included in the con\u00adtinu\u00adous med\u00adic\u00adal edu\u00adca\u00adtion of ARS CME. Cred\u00adits will be gran\u00adted to the par\u00adti\u00adcipant in accord\u00adance with the Decree of the Min\u00adistry of Health of the SR 74 \/\u200b\u200b 2019 Coll. as amended and based on the con\u00adtract between SLK, SLS and the European Accred\u00adit\u00ada\u00adtion Coun\u00adcil. Par\u00adti\u00adcipants can find con\u00adfirm\u00ada\u00adtion of par\u00adti\u00adcip\u00ada\u00adtion in the CME edu\u00adca\u00adtion\u00adal activ\u00adity on the web\u00adsite <a href=\"http:\/\/cmeportal.sk\/\" target=\"_blank\" rel=\"noopener\">cmeportal\u200b.sk<\/a> \u2013 after log\u00adging into your account under the name of the giv\u00aden activ\u00adity. Par\u00adti\u00adcipants who do not have an account will be sent a&nbsp;con\u00adfirm\u00ada\u00adtion of par\u00adti\u00adcip\u00ada\u00adtion by e\u2011mail.<\/p>    <\/div>\n<\/div>\n<!-- \/module text -->        <\/div>\n                    <\/div>\n                <div data-lazy=\"1\" class=\"module_subrow themify_builder_sub_row tf_w col_align_top col_auto_height tb_col_count_2 tb_rn5k000\">\n                <div data-lazy=\"1\" class=\"module_column sub_column col4-2 tb_zt4w513 first\">\n                    <!-- module template_part -->\n<div class=\"module module-layout-part tb_1f31796 \">\n    <div class=\"tb_layout_part_wrap tf_w\"><!--themify_builder_content-->\n    <div class=\"themify_builder_content themify_builder_content-1878 themify_builder not_editable_builder in_the_loop\" data-postid=\"1878\">\n                        <div data-lazy=\"1\" class=\"module_row themify_builder_row tb_poqi788 tf_w\">\n                        <div class=\"row_inner col_align_top tb_col_count_1 tf_box tf_rel\">\n                        <div data-lazy=\"1\" class=\"module_column tb-column col-full tb_sokg000 first\">\n                    <!-- module widget -->\n<div class=\"module module-widget tb_adsu113 noTypo \" data-lazy=\"1\" id=\"kontakt\">\n    <div class=\"widget widget_text\">\t\t\t<div class=\"textwidget\"><hr>\n<h3>ORGANIZA\u010cN\u00dd SEKRETARI\u00c1T<\/h3>\n<p><a href=\"http:\/\/www.agenturakami.sk\" target=\"_blank\" rel=\"noopener\"><strong>Agent\u00fara KAMI,&nbsp;s.&nbsp;r.&nbsp;o.<img loading=\"lazy\" decoding=\"async\" class=\"wp-image-675 alignright\" src=\"https:\/\/www.kongres-kami.sk\/halakovedni\/wp-content\/uploads\/2021\/05\/KAMI-300x145.png\" alt width=\"130\" height=\"63\" srcset=\"https:\/\/www.kongres-kami.sk\/halakovedni\/wp-content\/uploads\/2021\/05\/KAMI-300x145.png 300w, https:\/\/www.kongres-kami.sk\/halakovedni\/wp-content\/uploads\/2021\/05\/KAMI-400x193.png 400w, https:\/\/www.kongres-kami.sk\/halakovedni\/wp-content\/uploads\/2021\/05\/KAMI-1038x500.png 1038w, https:\/\/www.kongres-kami.sk\/halakovedni\/wp-content\/uploads\/2021\/05\/KAMI.png 600w\" sizes=\"auto, (max-width: 130px) 100vw, 130px\"><\/strong><\/a><br>Let\u00adn\u00e1 82 \/\u200b 75, 052 01 Spi\u0161sk\u00e1 Nov\u00e1 Ves<br><b>Mgr. Miroslava Koz\u00e1kov\u00e1<\/b>, man\u00adager<br>Tel.: <b>+421 948&nbsp;656 488<\/b><br>E\u2011mail: <a href=\"mailto:agenturakami@agenturakami.sk\">agenturakami@\u200bagenturakami.\u200bsk<\/a><\/p>\n<\/div>\n\t\t<\/div><\/div>\n<!-- \/module widget -->\n        <\/div>\n                        <\/div>\n        <\/div>\n            <\/div>\n<!--\/themify_builder_content--><\/div>\n<\/div>\n<!-- \/module template_part -->        <\/div>\n                    <div data-lazy=\"1\" class=\"module_column sub_column col4-2 tb_ektg100 last\">\n                    <!-- module template_part -->\n<div class=\"module module-layout-part tb_yfdc925 \">\n    <div class=\"tb_layout_part_wrap tf_w\"><!--themify_builder_content-->\n    <div class=\"themify_builder_content themify_builder_content-1925 themify_builder not_editable_builder in_the_loop\" data-postid=\"1925\">\n                        <div data-lazy=\"1\" class=\"module_row themify_builder_row tb_v712090 tf_w\">\n                        <div class=\"row_inner col_align_top tb_col_count_1 tf_box tf_rel\">\n                        <div data-lazy=\"1\" class=\"module_column tb-column col-full tb_6vdg014 first\">\n                    <!-- module widget -->\n<div class=\"module module-widget tb_816n721  \" data-lazy=\"1\">\n    <div class=\"widget widget_text\">\t\t\t<div class=\"textwidget\"><hr>\n<h4>LINKS<\/h4>\n<p><strong><a href=\"https:\/\/www.osobnyudaj.sk\/informovanie\/36706272\/sk\/zakladne-informacie\" target=\"_blank\" rel=\"noopener\"><span class=\"shortcode themify-icon \"><i class=\"themify-icon-icon\"><svg class=\"tf_fa tf-fas-arrow-alt-circle-right\" aria-hidden=\"true\" xmlns:xlink=\"http:\/\/www.w3.org\/1999\/xlink\"><use href=\"#tf-fas-arrow-alt-circle-right\" xlink:href=\"#tf-fas-arrow-alt-circle-right\" \/><\/svg><\/i><\/span> GENERAL DATA PROTECTION REGULATION<\/a><br><\/strong><strong><a href=\"https:\/\/www.agenturakami.sk\/vop\/\" target=\"_blank\" rel=\"noopener\"><span class=\"shortcode themify-icon \"><i class=\"themify-icon-icon\"><svg class=\"tf_fa tf-fas-arrow-alt-circle-right\" aria-hidden=\"true\" xmlns:xlink=\"http:\/\/www.w3.org\/1999\/xlink\"><use href=\"#tf-fas-arrow-alt-circle-right\" xlink:href=\"#tf-fas-arrow-alt-circle-right\" \/><\/svg><\/i><\/span> GENERAL TERMS AND CONDITIONS <\/a><br><\/strong><strong><a href=\"https:\/\/www.agenturakami.sk\/platba\/\" target=\"_blank\" rel=\"noopener\"><span class=\"shortcode themify-icon \"><i class=\"themify-icon-icon\"><svg class=\"tf_fa tf-fas-arrow-alt-circle-right\" aria-hidden=\"true\" xmlns:xlink=\"http:\/\/www.w3.org\/1999\/xlink\"><use href=\"#tf-fas-arrow-alt-circle-right\" xlink:href=\"#tf-fas-arrow-alt-circle-right\" \/><\/svg><\/i><\/span>ONLINE PAYMENT<\/a><\/strong><\/p>\n<\/div>\n\t\t<\/div><\/div>\n<!-- \/module widget -->\n        <\/div>\n                        <\/div>\n        <\/div>\n            <\/div>\n<!--\/themify_builder_content--><\/div>\n<\/div>\n<!-- \/module template_part -->        <\/div>\n                    <\/div>\n                <\/div>\n                        <\/div>\n        <\/div>\n        <\/div>\n<!--\/themify_builder_content-->","protected":false},"excerpt":{"rendered":"<p>XXIV. Czech-Slov\u00adak con\u00adgress of sleep\u00ading medi\u00adcine and XII. Halak\u2019s days 5. \u2013 7. Octo\u00adber 2023 \u2022 hotel Hol\u00adi\u00adday Inn \u017dilina&nbsp; Menu Inform\u00ada\u00adtion Regis\u00adtra\u00adtion Pro\u00adgram Accom\u00admod\u00ada\u00adtion Part\u00adners PARTNERSHIP CONDITIONS Ven\u00adue Hotel HOLIDAY INN, \u017dil\u00adin\u00ada\u0160\u00adportov\u00e1 2, \u017dilina, Slov\u00adensko Con\u00adgress lan\u00adguage slov\u00adak, eng\u00adlish,&nbsp;czech Import\u00adant dates&nbsp; Regis\u00adtra\u00adtion dead\u00adline for act\u00adive par\u00adti\u00adcip\u00ada\u00adtion &nbsp;to 24<sup class=\"ordinal\">th<\/sup> August 2023Dead\u00adline for send\u00ading abstracts&nbsp;[\u2026]<\/p>\n","protected":false},"author":1,"featured_media":0,"parent":1995,"menu_order":11,"comment_status":"closed","ping_status":"closed","template":"","meta":{"wp_typography_post_enhancements_disabled":false,"footnotes":""},"class_list":["post-2053","page","type-page","status-publish","hentry","has-post-title","has-post-date","has-post-category","has-post-tag","has-post-comment","has-post-author",""],"_links":{"self":[{"href":"https:\/\/www.kongres-kami.sk\/halakovedni\/wp-json\/wp\/v2\/pages\/2053","targetHints":{"allow":["GET"]}}],"collection":[{"href":"https:\/\/www.kongres-kami.sk\/halakovedni\/wp-json\/wp\/v2\/pages"}],"about":[{"href":"https:\/\/www.kongres-kami.sk\/halakovedni\/wp-json\/wp\/v2\/types\/page"}],"author":[{"embeddable":true,"href":"https:\/\/www.kongres-kami.sk\/halakovedni\/wp-json\/wp\/v2\/users\/1"}],"replies":[{"embeddable":true,"href":"https:\/\/www.kongres-kami.sk\/halakovedni\/wp-json\/wp\/v2\/comments?post=2053"}],"version-history":[{"count":5,"href":"https:\/\/www.kongres-kami.sk\/halakovedni\/wp-json\/wp\/v2\/pages\/2053\/revisions"}],"predecessor-version":[{"id":2235,"href":"https:\/\/www.kongres-kami.sk\/halakovedni\/wp-json\/wp\/v2\/pages\/2053\/revisions\/2235"}],"up":[{"embeddable":true,"href":"https:\/\/www.kongres-kami.sk\/halakovedni\/wp-json\/wp\/v2\/pages\/1995"}],"wp:attachment":[{"href":"https:\/\/www.kongres-kami.sk\/halakovedni\/wp-json\/wp\/v2\/media?parent=2053"}],"curies":[{"name":"wp","href":"https:\/\/api.w.org\/{rel}","templated":true}]}}